{"id":12898,"date":"2024-11-09T22:21:33","date_gmt":"2024-11-09T21:21:33","guid":{"rendered":"https:\/\/www.barc.sk\/farmacia\/apt\/astaxkrill\/"},"modified":"2024-11-18T13:36:28","modified_gmt":"2024-11-18T12:36:28","slug":"astaxkrill","status":"publish","type":"product","link":"https:\/\/www.barc.sk\/farmacia\/apt\/astaxkrill\/","title":{"rendered":"Astaxkrill"},"content":{"rendered":"\n<h2 class=\"wp-block-heading\">\u010co je Astaxkrill a ako funguje?<\/h2>\n\n\n\n<p><b>Astaxkrill<\/b> je inovat\u00edvny <b>doplnok stravy<\/b>, ktor\u00fd kombinuje lipidov\u00fd <em>extrakt z krilu<\/em> a oleores\u00edn z mikroriasy <em>Haematococcus pluvialis<\/em> bohatej na <em>astaxant\u00edn<\/em>. Pr\u00edpravok je ur\u010den\u00fd na podporu kardiovaskul\u00e1rneho syst\u00e9mu, ako aj funkcie imunitn\u00e9ho syst\u00e9mu. Pravideln\u00e9 <b>u\u017e\u00edvanie<\/b> Astaxkrillu m\u00e1 priazniv\u00fd vplyv na regener\u00e1ciu organizmu a zmiernenie \u00fanavy, \u010do z neho rob\u00ed atrakt\u00edvnu vo\u013ebu pre osoby s akt\u00edvnym \u017eivotn\u00fdm \u0161t\u00fdlom.<\/p>\n\n\n\n<p>Medzi hlavn\u00e9 v\u00fdhody <em>p\u00f4sobenia doplnku<\/em> patria jeho antioxida\u010dn\u00e9 vlastnosti. <b>Astaxant\u00edn<\/b> ako pr\u00edrodn\u00fd <b>antioxidant<\/b> chr\u00e1ni bunky pred oxida\u010dn\u00fdm stresom, \u010do vedie k zdrav\u0161iemu starnutiu. T\u00fdm sa zvy\u0161uje d\u013a\u017eka \u017eivota a celkov\u00e1 pohoda organizmu. Astaxkrill vykazuje aj pozit\u00edvny vplyv na nervov\u00fd syst\u00e9m a u\u017e\u00edvatelia tohto doplnku \u010dasto zaznamen\u00e1vaj\u00fa zlep\u0161enie koncentr\u00e1cie a pam\u00e4\u0165ov\u00fdch schopnost\u00ed.<\/p>\n\n\n\n<p>V\u010faka obsahu <b>omega-3<\/b> podporuje produkt metabolizmus a stav poko\u017eky a o\u010d\u00ed. Po\u010detn\u00e9 \u0161t\u00fadie potvrdzuj\u00fa, \u017ee systematick\u00e9 u\u017e\u00edvanie jednej kapsuly denne prispieva k zv\u00fd\u0161eniu fyzickej v\u00fdkonnosti, \u010do je d\u00f4le\u017eit\u00e9 pre \u0161portovcov a \u013eud\u00ed, ktor\u00ed pravidelne cvi\u010dia.<\/p>\n\n\n\n<h2 class=\"wp-block-heading\">V\u00fdhody Astaxkrillu &#8211; \u00fa\u010dinky<\/h2>\n\n\n\n<p><b>U\u017e\u00edvanie<\/b> v\u00fd\u017eivov\u00e9ho doplnku Astaxkrill prin\u00e1\u0161a telu mno\u017estvo d\u00f4le\u017eit\u00fdch <em>v\u00fdhod<\/em>. Pravideln\u00e9 u\u017e\u00edvanie tohto doplnku podporuje <em>zdravie srdca<\/em> t\u00fdm, \u017ee zlep\u0161uje krvn\u00fd obeh a zni\u017euje riziko kardiovaskul\u00e1rnych ochoren\u00ed. Obsiahnut\u00fd <b>astaxant\u00edn<\/b>, zn\u00e1my ako najsilnej\u0161\u00ed <b>antioxidant<\/b>, m\u00e1 tie\u017e protiz\u00e1palov\u00fd \u00fa\u010dinok a podporuje funkciu imunitn\u00e9ho syst\u00e9mu.<\/p>\n\n\n\n<p>Astaxkrill ovplyv\u0148uje aj <em>zdravie k\u013abov<\/em>, zni\u017euje boles\u0165 a zlep\u0161uje celkov\u00fa pohyblivos\u0165. T\u00e1to kombin\u00e1cia \u00fa\u010dinn\u00fdch l\u00e1tok prispieva k zmierneniu z\u00e1palu, \u010do je d\u00f4le\u017eit\u00e9 pre t\u00fdch, ktor\u00ed bojuj\u00fa s probl\u00e9mami s k\u013abmi.<\/p>\n\n\n\n<p>Okrem toho <b>pou\u017e\u00edvatelia<\/b> uv\u00e1dzaj\u00fa zlep\u0161enie zdravia poko\u017eky, vlasov a nechtov. Astaxkrill podporuje hydrat\u00e1ciu poko\u017eky a svoj\u00edm \u00fa\u010dinkom proti starnutiu zni\u017euje v\u00fdskyt vr\u00e1sok. <b>\u00da\u010dinky<\/b> spojen\u00e9 so zlep\u0161en\u00edm vzh\u013eadu s\u00fa badate\u013en\u00e9 u\u017e po 90 d\u0148och u\u017e\u00edvania.<\/p>\n\n\n\n<ul class=\"wp-block-list\">\n<li><em>Zlep\u0161enie imunity:<\/em> Pravideln\u00e9 u\u017e\u00edvanie Astaxkrillu podporuje imunitn\u00fd syst\u00e9m, \u010do prispieva k lep\u0161iemu pocitu pohody.<\/li>\n\n\n\n<li><em>Zn\u00ed\u017eenie \u00fanavy:<\/em> <b>Pou\u017e\u00edvatelia<\/b> zaznamen\u00e1vaj\u00fa zv\u00fd\u0161enie energie a zlep\u0161enie koncentr\u00e1cie, \u010do m\u00e1 pozit\u00edvny vplyv na ka\u017edodenn\u00e9 fungovanie.<\/li>\n\n\n\n<li><em>Protiz\u00e1palov\u00e9 \u00fa\u010dinky:<\/em> V\u010faka svojim protiz\u00e1palov\u00fdm vlastnostiam zmier\u0148uje pr\u00edznaky z\u00e1palu v tele.<\/li>\n<\/ul>\n\n\n\n<p>Celkovo m\u00e1 Astaxkrill viac\u00fa\u010delov\u00fd \u00fa\u010dinok na organizmus a pon\u00faka komplexn\u00fa podporu zdravia a kond\u00edcie. Pravideln\u00e9 u\u017e\u00edvanie tohto <em>v\u00fd\u017eivov\u00e9ho doplnku<\/em> sa premieta do zlep\u0161enia kvality \u017eivota a celkov\u00fdch zdravotn\u00fdch <em>\u00fa\u010dinkov<\/em>.<\/p>\n\n\n\n<h2 class=\"wp-block-heading\">Ako pou\u017e\u00edva\u0165 Astaxkrill &#8211; n\u00e1vod na pou\u017eitie a d\u00e1vkovanie<\/h2>\n\n\n\n<p>Aby ste mohli naplno vyu\u017ei\u0165 vlastnosti v\u00fd\u017eivov\u00e9ho doplnku Astaxkrill, je d\u00f4le\u017eit\u00e9 dodr\u017eiava\u0165 konkr\u00e9tny n\u00e1vod na pou\u017eitie a d\u00e1vkovanie. Odpor\u00fa\u010da sa u\u017e\u00edva\u0165 jednu kapsulu denne, zapi\u0165 dostato\u010dn\u00fdm mno\u017estvom vody. Tento v\u00fd\u017eivov\u00fd <b>doplnok<\/b> je ur\u010den\u00fd len pre dospel\u00fdch.<\/p>\n\n\n\n<p>Je d\u00f4le\u017eit\u00e9 neprekro\u010di\u0165 odpor\u00fa\u010dan\u00fa d\u00e1vku a pova\u017eova\u0165 Astaxkrill za doplnok pestrej stravy, nie za jej n\u00e1hradu. Kapsuly sa \u013eahko preh\u013ataj\u00fa, \u010do podporuje ka\u017edodenn\u00e9 u\u017e\u00edvanie. Hlavn\u00e9 inform\u00e1cie o d\u00e1vkovan\u00ed n\u00e1jdete ni\u017e\u0161ie:<\/p>\n\n\n\n<ul class=\"wp-block-list\">\n<li><em>Denn\u00e1 d\u00e1vka<\/em>: 1 kapsula<\/li>\n\n\n\n<li><em>Forma pod\u00e1vania:<\/em> zapi\u0165 vodou<\/li>\n\n\n\n<li><em>Cie\u013eov\u00e1 skupina:<\/em> dospel\u00ed (nie je ur\u010den\u00e9 pre tehotn\u00e9 \u017eeny, doj\u010diace matky, doj\u010dat\u00e1 a deti)<\/li>\n\n\n\n<li><em>Kontraindik\u00e1cie<\/em>: alergie na morsk\u00e9 plody; interakcie s niektor\u00fdmi liekmi<\/li>\n<\/ul>\n\n\n\n<p>Starostliv\u00e9 <b>u\u017e\u00edvanie<\/b> a dodr\u017eiavanie pokynov na d\u00e1vkovanie s\u00fa k\u013e\u00fa\u010dom k dosiahnutiu optim\u00e1lnych zdravotn\u00fdch <b>pr\u00ednosov, ktor\u00e9<\/b> m\u00f4\u017ee Astaxkrill poskytn\u00fa\u0165. Jeho jedine\u010dn\u00e9 zlo\u017eky, ako napr\u00edklad olej z krilu, bohat\u00fd na polynenas\u00fdten\u00e9 mastn\u00e9 kyseliny, m\u00f4\u017eu podpori\u0165 kardiovaskul\u00e1rny syst\u00e9m a zlep\u0161i\u0165 kognit\u00edvne funkcie. Dobre zaveden\u00e9 <b>d\u00e1vkovanie<\/b> a u\u017e\u00edvanie Astaxkrillu u\u013eah\u010duje dosiahnutie po\u017eadovan\u00fdch v\u00fdsledkov.<\/p>\n\n\n\n<h2 class=\"wp-block-heading\">Astaxkrill &#8211; Recenzie pou\u017e\u00edvate\u013eov, f\u00f3rum &#8211; \u010co hovoria pou\u017e\u00edvatelia?<\/h2>\n\n\n\n<p><b>Recenzie<\/b> pou\u017e\u00edvate\u013eov Astaxkrill ukazuj\u00fa pozit\u00edvne <b>sk\u00fasenosti z<\/b> h\u013eadiska zdravia a pohody. Mnoh\u00ed z nich chv\u00e1lia v\u00fdrobok za pozorovan\u00e9 <b>\u00fa\u010dinky,<\/b> ktor\u00e9 ovplyv\u0148uj\u00fa kvalitu \u017eivota.<\/p>\n\n\n\n<blockquote class=\"wp-block-quote is-layout-flow wp-block-quote-is-layout-flow\">\n<p><em>&#8222;Po mesiaci u\u017e\u00edvania Astaxkrillu som zaznamenal v\u00fdrazn\u00e9 zlep\u0161enie pohyblivosti a men\u0161iu stuhnutos\u0165 k\u013abov, ktor\u00e1 ma predt\u00fdm ve\u013emi obmedzovala.&#8220; &#8211; Marta<\/em><\/p>\n<\/blockquote>\n\n\n\n<p>Internetov\u00e9<b>f\u00f3rum<\/b> je pln\u00e9 referenci\u00ed spokojn\u00fdch pou\u017e\u00edvate\u013eov, ktor\u00ed sa delia o svoje pozit\u00edvne <b>sk\u00fasenosti<\/b>. Z\u00e1kazn\u00edci poukazuj\u00fa na \u00fa\u010dinky Astaxkrillu na zdravie poko\u017eky a regener\u00e1ciu po cvi\u010den\u00ed.<\/p>\n\n\n\n<blockquote class=\"wp-block-quote is-layout-flow wp-block-quote-is-layout-flow\">\n<p><em>&#8222;Astaxkrill mi pomohol r\u00fdchlej\u0161ie sa zotavi\u0165 po tr\u00e9ningu, c\u00edtim sa pln\u00e1 energie.&#8220; &#8211; Christopher<\/em><\/p>\n<\/blockquote>\n\n\n\n<p><b>Pou\u017e\u00edvatelia<\/b> zd\u00f4raz\u0148uj\u00fa, \u017ee <b>\u00fa\u010dinky<\/b> boli badate\u013en\u00e9 u\u017e po kr\u00e1tkom \u010dase pou\u017e\u00edvania. Mnoh\u00ed pozoruj\u00fa zlep\u0161enie n\u00e1lady a zv\u00fd\u0161enie \u017eivotnej energie.<\/p>\n\n\n\n<blockquote class=\"wp-block-quote is-layout-flow wp-block-quote-is-layout-flow\">\n<p><em>&#8222;\u00da\u010dinky boli badate\u013en\u00e9 u\u017e po prvom t\u00fd\u017edni &#8211; zlep\u0161ila sa mi n\u00e1lada a zv\u00fd\u0161ila sa mi \u017eivotn\u00e1 energia.&#8220; &#8211; Anna<\/em><\/p>\n<\/blockquote>\n\n\n\n<p>Celkovo <b>hodnotenia<\/b> pou\u017e\u00edvate\u013eov na r\u00f4znych f\u00f3rach nazna\u010duj\u00fa, \u017ee Astaxkrill je ve\u013emi \u00fa\u010dinn\u00fd, v\u010faka \u010domu je doplnok zauj\u00edmavou mo\u017enos\u0165ou pre t\u00fdch, ktor\u00ed chc\u00fa podpori\u0165 <b>zdravie srdca<\/b> a k\u013abov.<\/p>\n\n\n\n<h2 class=\"wp-block-heading\">Astaxkrill &#8211; zlo\u017eenie &#8211; anal\u00fdza zlo\u017eiek<\/h2>\n\n\n\n<p>Astaxkrill je <b>v\u00fd\u017eivov\u00fd doplnok,<\/b> ktor\u00fd kombinuje unik\u00e1tne <em>zlo\u017eenie<\/em> lipidov z krillu a oleores\u00ednu z mikrorias. <em>Anal\u00fdza<\/em> k\u013e\u00fa\u010dov\u00fdch zlo\u017eiek ukazuje, \u017ee najd\u00f4le\u017eitej\u0161\u00edmi <em>zlo\u017ekami<\/em> s\u00fa <b>astaxant\u00edn<\/b> a <b>omega-3<\/b> mastn\u00e9 kyseliny, ktor\u00e9 zohr\u00e1vaj\u00fa d\u00f4le\u017eit\u00fa \u00falohu pri udr\u017eiavan\u00ed zdravia srdca a kognit\u00edvnych funkci\u00ed.<\/p>\n\n\n\n<p>Ka\u017ed\u00e1 kapsula Astaxkrill obsahuje:<\/p>\n\n\n\n<figure class=\"wp-block-table\"><table class=\"has-fixed-layout\"><tbody><tr><th>Zlo\u017eenie<\/th><th>Mno\u017estvo v jednej kapsule<\/th><\/tr><tr><td>Lipidov\u00fd extrakt z antarktick\u00e9ho krilu<\/td><td>200 mg<\/td><\/tr><tr><td>Fosfolipidy<\/td><td>84 mg<\/td><\/tr><tr><td>Astaxant\u00edn<\/td><td>0.04 mg<\/td><\/tr><tr><td>Omega-3 EPA<\/td><td>48 mg<\/td><\/tr><tr><td>Omega-3 DHA<\/td><td>24 mg<\/td><\/tr><tr><td>Olej z mikroriasy Haematococcus pluvialis<\/td><td>80 mg<\/td><\/tr><tr><td>Astaxant\u00edn z mikrorias<\/td><td>4 mg<\/td><\/tr><\/tbody><\/table><\/figure>\n\n\n\n<p>Astaxant\u00edn m\u00e1 siln\u00e9 antioxida\u010dn\u00e9 vlastnosti, v\u010faka \u010domu je cennou zlo\u017ekou na podporu zdravia. Omega-3 mastn\u00e9 kyseliny ako EPA a DHA zasa zlep\u0161uj\u00fa \u010dinnos\u0165 srdca a podporuj\u00fa zdravie mozgu. Koncentr\u00e1cia astaxant\u00ednu a pr\u00edtomnos\u0165 fosfolipidov v extrakte z krilu u\u013eah\u010duj\u00fa telu vstreb\u00e1vanie t\u00fdchto prospe\u0161n\u00fdch \u017eiv\u00edn.<\/p>\n\n\n\n<h2 class=\"wp-block-heading\">Kde k\u00fapi\u0165 a ko\u013eko stoj\u00ed Astaxkrill &#8211; cena<\/h2>\n\n\n\n<p>Astaxkrill je v\u00fd\u017eivov\u00fd doplnok, ktor\u00fd je mo\u017en\u00e9 zak\u00fapi\u0165 len na <em>ofici\u00e1lnej<\/em> webovej str\u00e1nke <em>v\u00fdrobcu<\/em>. N\u00e1kup online zaru\u010duje nielen pohodlie, ale aj d\u00f4veru v kvalitu a pravos\u0165 v\u00fdrobku. Na rozdiel od stacion\u00e1rnych lek\u00e1rn\u00ed, ktor\u00e9 tento doplnok nepon\u00fakaj\u00fa, online platforma poskytuje bezprobl\u00e9mov\u00fd pr\u00edstup k Astaxkrill.<\/p>\n\n\n\n<p>Pokia\u013e ide o <em>cenu<\/em>, t\u00e1to sa m\u00f4\u017ee l\u00ed\u0161i\u0165 v z\u00e1vislosti od aktu\u00e1lnych propaga\u010dn\u00fdch akci\u00ed. Pravideln\u00e9 ponuky m\u00f4\u017eu zn\u00ed\u017ei\u0165 n\u00e1klady na n\u00e1kup, napr\u00edklad balenie troch balen\u00ed sa \u010dasto pon\u00faka za atrakt\u00edvnu cenu, \u010do podporuje \u00faspory. N\u00e1\u0161 prieskum ukazuje, \u017ee Astaxkrill z\u00edskal ve\u013ea pozit\u00edvnych ohlasov od pou\u017e\u00edvate\u013eov, \u010do m\u00f4\u017ee nazna\u010dova\u0165 jeho \u00fa\u010dinnos\u0165 a zdravotn\u00fa hodnotu.<\/p>\n\n\n\n<p>Tu je nieko\u013eko inform\u00e1ci\u00ed, ktor\u00e9 v\u00e1m m\u00f4\u017eu pom\u00f4c\u0165 pri rozhodovan\u00ed, <em>kde k\u00fapi\u0165<\/em> Astaxkrill:<\/p>\n\n\n\n<ul class=\"wp-block-list\">\n<li>V\u00fdrobky s\u00fa k dispoz\u00edcii v\u00fdlu\u010dne na webovej str\u00e1nke v\u00fdrobcu.<\/li>\n\n\n\n<li>Online nakupovanie je najpohodlnej\u0161\u00edm rie\u0161en\u00edm.<\/li>\n\n\n\n<li>Nie je mo\u017en\u00e9 ho k\u00fapi\u0165 v stacion\u00e1rnych lek\u00e1r\u0148ach.<\/li>\n<\/ul>\n\n\n\n<p>S t\u00fdmito tipmi bude \u013eah\u0161ie urobi\u0165 informovan\u00e9 rozhodnutie o k\u00fape Astaxkrill, ktor\u00e9 sa riadi nielen <em>cenou,<\/em> ale aj kvalitou v\u00fdrobku pon\u00fakan\u00e9ho <em>ofici\u00e1lnym v\u00fdrobcom<\/em>.<\/p>\n\n\n\n<h2 class=\"wp-block-heading\">Astaxkrill &#8211; ved\u013eaj\u0161ie \u00fa\u010dinky a kontraindik\u00e1cie &#8211; Je bezpe\u010dn\u00fd?<\/h2>\n\n\n\n<p>Astaxkrill sa vo v\u0161eobecnosti pova\u017euje za bezpe\u010dn\u00fd doplnok stravy, \u010do z neho rob\u00ed atrakt\u00edvnu vo\u013ebu pre t\u00fdch, ktor\u00ed chc\u00fa zlep\u0161i\u0165 svoje zdravie. Ako ka\u017ed\u00fd produkt m\u00e1 v\u0161ak aj tento niektor\u00e9 <strong>kontraindik\u00e1cie<\/strong>. Jeho u\u017e\u00edvaniu by sa mali vyhn\u00fa\u0165 najm\u00e4 \u013eudia s alergiou na m\u00e4kk\u00fd\u0161e. Tehotn\u00e9 a doj\u010diace \u017eeny, ako aj deti do 14 rokov by sa mali pred za\u010dat\u00edm lie\u010dby poradi\u0165 s lek\u00e1rom. <b>Bezpe\u010dnos\u0165 lieku<\/b> Astaxkrill by mala by\u0165 v\u017edy prioritou a odpor\u00fa\u010da sa pr\u00edslu\u0161n\u00e1 lek\u00e1rska konzult\u00e1cia.<\/p>\n\n\n\n<p>Pokia\u013e ide o <strong>ved\u013eaj\u0161ie \u00fa\u010dinky,<\/strong> s\u00fa zvy\u010dajne minim\u00e1lne. Pou\u017e\u00edvatelia zriedkavo hl\u00e1sia negat\u00edvne reakcie, hoci sa m\u00f4\u017eu vyskytn\u00fa\u0165 alergick\u00e9 reakcie, ktor\u00e9 si v takom pr\u00edpade vy\u017eaduj\u00fa okam\u017eit\u00fa lek\u00e1rsku pomoc. Pou\u017e\u00edvanie doplnku pod\u013ea odpor\u00fa\u010dania, zvy\u010dajne u\u017e\u00edvanie jednej tablety denne, m\u00f4\u017ee prinies\u0165 pozit\u00edvne v\u00fdsledky bez v\u00fdrazn\u00fdch zdravotn\u00fdch probl\u00e9mov. Je potrebn\u00e9 ma\u0165 na pam\u00e4ti, \u017ee na dosiahnutie po\u017eadovan\u00fdch v\u00fdsledkov je rozhoduj\u00faci odpor\u00fa\u010dan\u00fd 90-d\u0148ov\u00fd cyklus u\u017e\u00edvania.<\/p>\n\n\n\n<p>Na z\u00e1ver sa zd\u00e1, \u017ee Astaxkrill je v\u00e4\u010d\u0161inou bezpe\u010dnou mo\u017enos\u0165ou pre dospel\u00fdch, ktor\u00ed chc\u00fa podpori\u0165 svoje zdravie. Ka\u017ed\u00fd nov\u00fd doplnok stravy by sa v\u0161ak mal pou\u017e\u00edva\u0165 s primeranou opatrnos\u0165ou. Venovan\u00edm pozornosti mo\u017en\u00fdm <strong>ved\u013eaj\u0161\u00edm \u00fa\u010dinkom<\/strong> a dodr\u017eiavan\u00edm bezpe\u010dnostn\u00fdch opatren\u00ed je mo\u017en\u00e9 vyu\u017e\u00edva\u0165 v\u00fdhody tohto produktu. Pravideln\u00e9 vy\u0161etrenia a konzult\u00e1cie s lek\u00e1rom m\u00f4\u017eu \u010falej pom\u00f4c\u0165 chr\u00e1ni\u0165 pou\u017e\u00edvate\u013ea pred mo\u017en\u00fdmi kontraindik\u00e1ciami.<\/p>\n","protected":false},"excerpt":{"rendered":"<p><strong>[date_countdown]<\/strong><\/p>\n<p><img decoding=\"async\" class=\"alignnone wp-image-13063\" src=\"https:\/\/www.barc.sk\/farmacia\/wp-content\/uploads\/2024\/11\/SAFE-PAY-300x88-1.png\" alt=\"SAFE-PAY-300x88\" width=\"232\" height=\"68\" \/><\/p>\n","protected":false},"featured_media":11981,"comment_status":"open","ping_status":"closed","template":"","meta":{"neve_meta_sidebar":"","neve_meta_container":"","neve_meta_enable_content_width":"","neve_meta_content_width":0,"neve_meta_title_alignment":"","neve_meta_author_avatar":"","neve_post_elements_order":"","neve_meta_disable_header":"","neve_meta_disable_footer":"","neve_meta_disable_title":"","neve_meta_reading_time":""},"product_brand":[],"product_cat":[577],"product_tag":[],"class_list":{"0":"post-12898","1":"product","2":"type-product","3":"status-publish","4":"has-post-thumbnail","6":"product_cat-zdravie","8":"first","9":"instock","10":"sale","11":"shipping-taxable","12":"product-type-external"},"yoast_head":"<!-- This site is optimized with the Yoast SEO plugin v27.4 - https:\/\/yoast.com\/product\/yoast-seo-wordpress\/ -->\n<title>Astaxkrill - Recenzie, F\u00f3rum, Lek\u00e1re\u0148, Cena, \u00da\u010dinky | -50%<\/title>\n<meta name=\"robots\" content=\"index, follow, max-snippet:-1, max-image-preview:large, max-video-preview:-1\" \/>\n<link rel=\"canonical\" href=\"https:\/\/www.barc.sk\/farmacia\/apt\/astaxkrill\/\" \/>\n<meta property=\"og:locale\" content=\"sk_SK\" \/>\n<meta property=\"og:type\" content=\"article\" \/>\n<meta property=\"og:title\" content=\"Astaxkrill - Recenzie, F\u00f3rum, Lek\u00e1re\u0148, Cena, \u00da\u010dinky | -50%\" \/>\n<meta property=\"og:url\" content=\"https:\/\/www.barc.sk\/farmacia\/apt\/astaxkrill\/\" \/>\n<meta property=\"og:site_name\" content=\"Barc\" \/>\n<meta property=\"article:modified_time\" content=\"2024-11-18T12:36:28+00:00\" \/>\n<meta property=\"og:image\" content=\"https:\/\/www.barc.sk\/farmacia\/wp-content\/uploads\/2024\/11\/ASTAXKRILL.jpg\" \/>\n\t<meta property=\"og:image:width\" content=\"768\" \/>\n\t<meta property=\"og:image:height\" content=\"768\" \/>\n\t<meta property=\"og:image:type\" content=\"image\/jpeg\" \/>\n<meta name=\"twitter:card\" content=\"summary_large_image\" \/>\n<meta name=\"twitter:description\" content=\"[date_countdown]\" \/>\n<meta name=\"twitter:label1\" content=\"Predpokladan\u00fd \u010das \u010d\u00edtania\" \/>\n\t<meta name=\"twitter:data1\" content=\"7 min\u00fat\" \/>\n<script type=\"application\/ld+json\" class=\"yoast-schema-graph\">{\"@context\":\"https:\\\/\\\/schema.org\",\"@graph\":[{\"@type\":\"WebPage\",\"@id\":\"https:\\\/\\\/www.barc.sk\\\/farmacia\\\/apt\\\/astaxkrill\\\/\",\"url\":\"https:\\\/\\\/www.barc.sk\\\/farmacia\\\/apt\\\/astaxkrill\\\/\",\"name\":\"Astaxkrill - Recenzie, F\u00f3rum, Lek\u00e1re\u0148, Cena, \u00da\u010dinky | -50%\",\"isPartOf\":{\"@id\":\"https:\\\/\\\/www.barc.sk\\\/farmacia\\\/#website\"},\"primaryImageOfPage\":{\"@id\":\"https:\\\/\\\/www.barc.sk\\\/farmacia\\\/apt\\\/astaxkrill\\\/#primaryimage\"},\"image\":{\"@id\":\"https:\\\/\\\/www.barc.sk\\\/farmacia\\\/apt\\\/astaxkrill\\\/#primaryimage\"},\"thumbnailUrl\":\"https:\\\/\\\/www.barc.sk\\\/farmacia\\\/wp-content\\\/uploads\\\/2024\\\/11\\\/ASTAXKRILL.jpg\",\"datePublished\":\"2024-11-09T21:21:33+00:00\",\"dateModified\":\"2024-11-18T12:36:28+00:00\",\"breadcrumb\":{\"@id\":\"https:\\\/\\\/www.barc.sk\\\/farmacia\\\/apt\\\/astaxkrill\\\/#breadcrumb\"},\"inLanguage\":\"sk-SK\",\"potentialAction\":[{\"@type\":\"ReadAction\",\"target\":[\"https:\\\/\\\/www.barc.sk\\\/farmacia\\\/apt\\\/astaxkrill\\\/\"]}]},{\"@type\":\"ImageObject\",\"inLanguage\":\"sk-SK\",\"@id\":\"https:\\\/\\\/www.barc.sk\\\/farmacia\\\/apt\\\/astaxkrill\\\/#primaryimage\",\"url\":\"https:\\\/\\\/www.barc.sk\\\/farmacia\\\/wp-content\\\/uploads\\\/2024\\\/11\\\/ASTAXKRILL.jpg\",\"contentUrl\":\"https:\\\/\\\/www.barc.sk\\\/farmacia\\\/wp-content\\\/uploads\\\/2024\\\/11\\\/ASTAXKRILL.jpg\",\"width\":768,\"height\":768},{\"@type\":\"BreadcrumbList\",\"@id\":\"https:\\\/\\\/www.barc.sk\\\/farmacia\\\/apt\\\/astaxkrill\\\/#breadcrumb\",\"itemListElement\":[{\"@type\":\"ListItem\",\"position\":1,\"name\":\"Strona g\u0142\u00f3wna\",\"item\":\"https:\\\/\\\/www.barc.sk\\\/farmacia\\\/\"},{\"@type\":\"ListItem\",\"position\":2,\"name\":\"Produkte\",\"item\":\"https:\\\/\\\/www.barc.sk\\\/farmacia\\\/\"},{\"@type\":\"ListItem\",\"position\":3,\"name\":\"Astaxkrill\"}]},{\"@type\":\"WebSite\",\"@id\":\"https:\\\/\\\/www.barc.sk\\\/farmacia\\\/#website\",\"url\":\"https:\\\/\\\/www.barc.sk\\\/farmacia\\\/\",\"name\":\"Barc\",\"description\":\"\",\"potentialAction\":[{\"@type\":\"SearchAction\",\"target\":{\"@type\":\"EntryPoint\",\"urlTemplate\":\"https:\\\/\\\/www.barc.sk\\\/farmacia\\\/?s={search_term_string}\"},\"query-input\":{\"@type\":\"PropertyValueSpecification\",\"valueRequired\":true,\"valueName\":\"search_term_string\"}}],\"inLanguage\":\"sk-SK\"}]}<\/script>\n<!-- \/ Yoast SEO plugin. -->","yoast_head_json":{"title":"Astaxkrill - Recenzie, F\u00f3rum, Lek\u00e1re\u0148, Cena, \u00da\u010dinky | -50%","robots":{"index":"index","follow":"follow","max-snippet":"max-snippet:-1","max-image-preview":"max-image-preview:large","max-video-preview":"max-video-preview:-1"},"canonical":"https:\/\/www.barc.sk\/farmacia\/apt\/astaxkrill\/","og_locale":"sk_SK","og_type":"article","og_title":"Astaxkrill - Recenzie, F\u00f3rum, Lek\u00e1re\u0148, Cena, \u00da\u010dinky | -50%","og_url":"https:\/\/www.barc.sk\/farmacia\/apt\/astaxkrill\/","og_site_name":"Barc","article_modified_time":"2024-11-18T12:36:28+00:00","og_image":[{"width":768,"height":768,"url":"https:\/\/www.barc.sk\/farmacia\/wp-content\/uploads\/2024\/11\/ASTAXKRILL.jpg","type":"image\/jpeg"}],"twitter_card":"summary_large_image","twitter_description":"[date_countdown]","twitter_misc":{"Predpokladan\u00fd \u010das \u010d\u00edtania":"7 min\u00fat"},"schema":{"@context":"https:\/\/schema.org","@graph":[{"@type":"WebPage","@id":"https:\/\/www.barc.sk\/farmacia\/apt\/astaxkrill\/","url":"https:\/\/www.barc.sk\/farmacia\/apt\/astaxkrill\/","name":"Astaxkrill - Recenzie, F\u00f3rum, Lek\u00e1re\u0148, Cena, \u00da\u010dinky | -50%","isPartOf":{"@id":"https:\/\/www.barc.sk\/farmacia\/#website"},"primaryImageOfPage":{"@id":"https:\/\/www.barc.sk\/farmacia\/apt\/astaxkrill\/#primaryimage"},"image":{"@id":"https:\/\/www.barc.sk\/farmacia\/apt\/astaxkrill\/#primaryimage"},"thumbnailUrl":"https:\/\/www.barc.sk\/farmacia\/wp-content\/uploads\/2024\/11\/ASTAXKRILL.jpg","datePublished":"2024-11-09T21:21:33+00:00","dateModified":"2024-11-18T12:36:28+00:00","breadcrumb":{"@id":"https:\/\/www.barc.sk\/farmacia\/apt\/astaxkrill\/#breadcrumb"},"inLanguage":"sk-SK","potentialAction":[{"@type":"ReadAction","target":["https:\/\/www.barc.sk\/farmacia\/apt\/astaxkrill\/"]}]},{"@type":"ImageObject","inLanguage":"sk-SK","@id":"https:\/\/www.barc.sk\/farmacia\/apt\/astaxkrill\/#primaryimage","url":"https:\/\/www.barc.sk\/farmacia\/wp-content\/uploads\/2024\/11\/ASTAXKRILL.jpg","contentUrl":"https:\/\/www.barc.sk\/farmacia\/wp-content\/uploads\/2024\/11\/ASTAXKRILL.jpg","width":768,"height":768},{"@type":"BreadcrumbList","@id":"https:\/\/www.barc.sk\/farmacia\/apt\/astaxkrill\/#breadcrumb","itemListElement":[{"@type":"ListItem","position":1,"name":"Strona g\u0142\u00f3wna","item":"https:\/\/www.barc.sk\/farmacia\/"},{"@type":"ListItem","position":2,"name":"Produkte","item":"https:\/\/www.barc.sk\/farmacia\/"},{"@type":"ListItem","position":3,"name":"Astaxkrill"}]},{"@type":"WebSite","@id":"https:\/\/www.barc.sk\/farmacia\/#website","url":"https:\/\/www.barc.sk\/farmacia\/","name":"Barc","description":"","potentialAction":[{"@type":"SearchAction","target":{"@type":"EntryPoint","urlTemplate":"https:\/\/www.barc.sk\/farmacia\/?s={search_term_string}"},"query-input":{"@type":"PropertyValueSpecification","valueRequired":true,"valueName":"search_term_string"}}],"inLanguage":"sk-SK"}]}},"_links":{"self":[{"href":"https:\/\/www.barc.sk\/farmacia\/wp-json\/wp\/v2\/product\/12898","targetHints":{"allow":["GET"]}}],"collection":[{"href":"https:\/\/www.barc.sk\/farmacia\/wp-json\/wp\/v2\/product"}],"about":[{"href":"https:\/\/www.barc.sk\/farmacia\/wp-json\/wp\/v2\/types\/product"}],"replies":[{"embeddable":true,"href":"https:\/\/www.barc.sk\/farmacia\/wp-json\/wp\/v2\/comments?post=12898"}],"wp:featuredmedia":[{"embeddable":true,"href":"https:\/\/www.barc.sk\/farmacia\/wp-json\/wp\/v2\/media\/11981"}],"wp:attachment":[{"href":"https:\/\/www.barc.sk\/farmacia\/wp-json\/wp\/v2\/media?parent=12898"}],"wp:term":[{"taxonomy":"product_brand","embeddable":true,"href":"https:\/\/www.barc.sk\/farmacia\/wp-json\/wp\/v2\/product_brand?post=12898"},{"taxonomy":"product_cat","embeddable":true,"href":"https:\/\/www.barc.sk\/farmacia\/wp-json\/wp\/v2\/product_cat?post=12898"},{"taxonomy":"product_tag","embeddable":true,"href":"https:\/\/www.barc.sk\/farmacia\/wp-json\/wp\/v2\/product_tag?post=12898"}],"curies":[{"name":"wp","href":"https:\/\/api.w.org\/{rel}","templated":true}]}}